digit of 410669695?
6
What is the ten millions digit of 42435243?
4
What is the ten millions digit of 533148337?
3
What is the ten millions digit of 18091830?
1
What is the hundred millions digit of 8696969054?
6
What is the hundred thousands digit of 52670708?
6
What is the ten thousands digit of 91715168?
1
What is the ten millions digit of 692809413?
9
What is the millions digit of 4493933896?
3
What is the millions digit of 221285026?
1
What is the millions digit of 277157660?
7
What is the ten thousands digit of 193358604?
5
What is the thousands digit of 14825577?
5
What is the hundreds digit of 229734019?
0
What is the millions digit of 131963078?
1
What is the hundreds digit of 5492231161?
1
What is the ten thousands digit of 132667433?
6
What is the hundred millions digit of 514638279?
5
What is the tens digit of 78790244?
4
What is the thousands digit of 1334767761?
7
What is the ten thousands digit of 855484359?
8
What is the millions digit of 3295925549?
5
What is the millions digit of 2126980978?
6
What is the thousands digit of 114888430?
8
What is the units digit of 1360545627?
7
What is the hundred thousands digit of 4880819?
8
What is the ten millions digit of 5784635069?
8
What is the hundred thousands digit of 40324833?
3
What is the thousands digit of 2102091481?
1
What is the hundred millions digit of 101253718?
1
What is the units digit of 2411144899?
9
What is the hundreds digit of 489387867?
8
What is the thousands digit of 243518735?
8
What is the millions digit of 54015103?
4
What is the billions digit of 1164620280?
1
What is the ten millions digit of 16094429?
1
What is the millions digit of 1049553216?
9
What is the hundreds digit of 40300605?
6
What is the ten thousands digit of 5461029438?
2
What is the thousands digit of 108250339?
0
What is the hundreds digit of 4073633353?
3
What is the thousands digit of 61468935?
8
What is the ten thousands digit of 282499765?
9
What is the thousands digit of 28040148?
0
What is the ten millions digit of 1835740511?
3
What is the millions digit of 2767426220?
7
What is the ten thousands digit of 1482245988?
4
What is the units digit of 74024063?
3
What is the thousands digit of 37061771?
1
What is the ten thousands digit of 267491334?
9
What is the tens digit of 200686661?
6
What is the tens digit of 295025179?
7
What is the hundred thousands digit of 272636540?
6
What is the units digit of 90806119?
9
What is the units digit of 3696206016?
6
What is the hundreds digit of 41968535?
5
What is the billions digit of 4790178742?
4
What is the hundred thousands digit of 2003990239?
9
What is the thousands digit of 119803193?
3
What is the thousands digit of 127904095?
4
What is the units digit of 6597671?
1
What is the millions digit of 10942311?
0
What is the units digit of 145747858?
8
What is the units digit of 3504722015?
5
What is the hundred thousands digit of 306783424?
7
What is the hundreds digit of 2068785626?
6
What is the hundreds digit of 2875216?
2
What is the hundred millions digit of 681272551?
6
What is the millions digit of 10082366?
0
What is the ten millions digit of 1246026486?
4
What is the units digit of 440150868?
8
What is the hundreds digit of 348819301?
3
What is the thousands digit of 89371923?
1
What is the ten thousands digit of 25004769?
0
What is the millions digit of 57976383?
7
What is the ten millions digit of 202518541?
0
What is the ten thousands digit of 20378232?
7
What is the hundreds digit of 133002890?
8
What is the ten thousands digit of 8395211?
9
What is the ten thousands digit of 765870351?
7
What is the tens digit of 620356524?
2
What is the hundred thousands digit of 159799934?
7
What is the hundreds digit of 1178241343?
3
What is the ten millions digit of 1477043419?
7
What is the ten thousands digit of 282282486?
8
What is the ten millions digit of 101684716?
0
What is the hundreds digit of 569913328?
3
What is the ten millions digit of 752322900?
5
What is the hundred thousands digit of 8814898?
8
What is the units digit of 314849044?
4
What is the hundred millions digit of 1835056977?
8
What is the ten millions digit of 752343879?
5
What is the ten millions digit of 98737970?
9
What is the thousands digit of 1952485485?
5
What is the thousands digit of 504577935?
7
What is the hundreds digit of 6993711415?
4
What is the thousands digit of 5497543906?
3
What is the ten millions digit of 71457275?
7
What is the thousands digit of 129494343?
4
What is the hundred thousands digit of 492739699?
7
What is the units digit of 2798189004?
4
What is the units digit of 260309960?
0
What is the hundreds digit of 51134167?
1
What is the billions digit of 2559428311?
2
What is the tens digit of 391210585?
8
What is the hundred thousands digit of 696143141?
1
What is the millions digit of 843896968?
3
What is the millions digit of 3037101763?
7
What is the units digit of 2439653585?
5
What is the hundred millions digit of 188908933?
1
What is the hundreds digit of 41836829?
8
What is the thousands digit of 518068844?
8
What is the ten thousands digit of 74024731?
2
What is the units digit of 241444079?
9
What is the ten millions digit of 6088918876?
8
What is the tens digit of 1642841172?
7
What is the units digit of 149049687?
7
What is the tens digit of 37460429?
2
What is the tens digit of 17263945?
4
What is the hundred millions digit of 478761561?
4
What is the units digit of 1572109754?
4
What is the thousands digit of 53924599?
4
What is the ten millions digit of 36742582?
3
What is the tens digit of 5746127185?
8
What is the ten thousands digit of 350634318?
3
What is the ten thousands digit of 292476936?
7
What is the ten thousands digit of 902479661?
7
What is the ten thousands digit of 43357169?
5
What is the ten millions digit of 1543705749?
4
What is the ten thousands digit of 158328718?
2
What is the units digit of 89095948?
8
What is the ten millions digit of 183250658?
8
What is the thousands digit of 11415650?
5
What is the thousands digit of 43540809?
0
What is the units digit of 277444694?
4
What is the hundred thousands digit of 84930814?
9
What is the ten millions digit of 259090473?
5
What is the thousands digit of 339379814?
9
What is the hundred thousands digit of 324177965?
1
What is the millions digit of 6679446124?
9
What is the hundred thousands digit of 3468613212?
6
What is the thousands digit of 10646096?
6
What is the ten millions digit of 367383079?
6
What is the thousands digit of 200321275?
1
What is the ten millions digit of 448254476?
4
What is the thousands digit of 2374887927?
7
What is the ten thousands digit of 330840366?
4
What is the thousands digit of 63160784?
0
What is the ten thousands digit of 284749838?
4
What is the millions digit of 476180238?
6
What is the ten thousands digit of 5301400865?
0
What is the ten millions digit of 248921000?
4
What is the millions digit of 2459800469?
9
What is the ten thousands digit of 75659608?
5
What is the tens digit of 563636429?
2
What is the ten thousands digit of 185744959?
4
What is the hundred thousands digit of 780025357?
0
What is the thousands digit of 6665989045?
9
What is the thousands digit of 730638487?
8
What is the tens digit of 36581342?
4
What is the ten thousands digit of 2900640526?
4
What is the hundred thousands digit of 260397921?
3
What is the tens digit of 35960405?
0
What is the millions digit of 738772329?
8
What is the units digit of 2038955152?
2
What is the thousands digit of 86960943?
0
What is the ten millions digit of 89040263?
8
What is the units digit of 43250938?
8
What is the hundred thousands digit of 3502653?
5
What is the tens digit of 2094694909?
0
What is the ten millions digit of 367207338?
6
What is the hundred thousands digit of 1004850906?
8
What is the ten thousands digit of 7081571?
8
What is the ten millions digit of 89797775?
8
What is the hundred millions digit of 394575905?
3
What is the hundred thousands digit of 70330512?
3
What is the tens digit of 45149801?
0
What is the tens digit of 1626248774?
7
What is the hundred thousands digit of 1325043912?
0
What is the tens digit of 85565265?
6
What is the thousands digit of 279363219?
3
What is the units digit of 31124989?
9
What is the ten thousands digit